a = 4*a + 575. What is the highest common divisor of l and 21?
21
Let k be 204/26 - 0 - 54/(-351). What is the greatest common factor of k and 772?
4
Let h = -13 + 11. Let t be (h*2/(-4))/(3/315). Let v be (-149)/(-7) + 4/(-14). What is the highest common divisor of v and t?
21
Suppose -3040 = 22*x - 32*x. Calculate the greatest common factor of x and 114.
38
Suppose z = -22*z + 4140. Let t = 249 - z. Suppose 2*r = -3*o + 144, -o + 129 = 2*o - 3*r. Calculate the highest common factor of t and o.
23
Suppose 1963 = 5*g - 4*i, g - 56*i = -53*i + 397. What is the greatest common divisor of g and 34?
17
Suppose -i + 4*i - 189 = 0. Suppose 5*s = -3*t + 23, 4*t - 3*s = t - 9. Suppose 0 = -2*q + 13 + t. Calculate the greatest common divisor of q and i.
7
Let f(b) = -2066*b - 256. Let o be f(-1). Calculate the highest common factor of 20 and o.
10
Suppose -7*k + 34 = -78. Let a = -142 + 254. What is the highest common divisor of k and a?
16
Let j be (-1 + -5)/(3/(-64)). Let f = 855 + -839. Calculate the greatest common factor of j and f.
16
Suppose -363*f - 113693 = -404*f. What is the greatest common divisor of f and 94?
47
Let x be (-4)/14 + ((-496)/28 - 3). Let f = x - -41. Calculate the greatest common divisor of 70 and f.
10
Suppose -2*d + 2*k + 2 = 0, -2*d + 4*d + 3*k - 12 = 0. Let w be (-78)/(-6 + d) + -2. What is the greatest common divisor of 60 and w?
12
Suppose -2*z - 2*w + 755 = w, -2*z = -3*w - 785. Calculate the greatest common factor of z and 110.
55
Let w be (6 + -5)*(-57)/(-1). Suppose 0 = -v - 15 + w. Let o be 6/(24/28)*9. What is the highest common factor of o and v?
21
Let f(c) = c**2 - 5*c + 6. Let n be f(4). Suppose 2*g + g - 66 = 0. What is the greatest common divisor of n and g?
2
Let r(p) = -p + 7. Let l be r(3). Suppose 2*y = -l*u - 3*y + 384, -356 = -4*u + 2*y. Let h be 4/26 - (-1351)/u. What is the highest common factor of 60 and h?
15
Let t be ((-1)/3)/((-21)/4851). Let f = -63 + t. Let l(q) = q**2 - q + 1. Let j be l(-2). Calculate the highest common factor of j and f.
7
Suppose 0 = 2*w + 60 + 8. Suppose q = -5*p + 245, 218 = 3*p - 3*q + 53. Let g = p + w. Calculate the greatest common divisor of 8 and g.
8
Let o = 27 + -31. Let c(p) = -2*p**2 - 7. Let s be c(o). Let j = -22 - s. What is the highest common divisor of 17 and j?
17
Let d be (-4)/(-2) - (-1573)/(-13). Let v = 299 + d. Let j = -36 - -56. What is the greatest common factor of j and v?
20
Let s(d) = d**3 + 26*d**2 - 4*d - 55. Let z be s(-26). What is the highest common factor of z and 3?
1
Let l be ((-480)/(-420))/(1/14). Calculate the highest common factor of l and 1072.
16
Suppose 3*k + 5412 = 2*l, -k = -l + 4*l - 8140. Calculate the highest common divisor of l and 113.
113
Suppose 42*z + 9792 = 60*z. Calculate the highest common divisor of z and 85.
17
Let d = 193 - 139. What is the highest common factor of 954 and d?
18
Let z = 68 - 14. Calculate the highest common factor of 36 and z.
18
Suppose -3 = -a + 3*a - f, -a - 2*f + 11 = 0. Suppose 12*b - 27*b = -135. What is the greatest common divisor of b and a?
1
Let b = -106 - -202. Let n = b - 42. Calculate the highest common divisor of 135 and n.
27
Let q be (-8)/92 + 213/69. Let g = 57 - 31. Let b be g/24*q*16. Calculate the highest common divisor of 13 and b.
13
Let o be -3*(1/(-3) - 3). What is the greatest common factor of o and 270?
10
Let l = -12 - -14. Let y be (-246)/(-9)*3/l. Calculate the greatest common divisor of y and 41.
41
Let t = -149 - -209. Suppose 4*x + 4*m - 104 = -0*m, 2*x = -4*m + 62. Let y = x - 1. What is the greatest common factor of y and t?
20
Suppose 16*c - 3*c = 299. What is the highest common factor of 69 and c?
23
Let s be (1 - 0)*(1 + 2). Suppose 2*r - s*t + 78 = -29, 2*r = 2*t - 104. Let y = r + 124. What is the highest common divisor of 30 and y?
15
Let w be (33/77)/(27/567). Let j = 54 - -45. What is the greatest common factor of w and j?
9
Let q = -213 + 255. What is the highest common factor of 112 and q?
14
Let z(k) = 63*k + 99. Let a be z(4). What is the greatest common divisor of a and 27?
27
Suppose -133*c = -136*c + 39. What is the greatest common factor of c and 52?
13
Let j be 464 + -17 + -4 + 0 + -3. What is the greatest common factor of j and 44?
44
Suppose 4*q - 8 - 143 = -3*z, 160 = 4*z - 5*q. Suppose 63 - 99 = -4*f. Calculate the greatest common divisor of f and z.
9
Let w = -6 + 14. Let o = 13 - w. Suppose 2*i - 90 = -i. Calculate the greatest common factor of i and o.
5
Suppose -24*p - 40 = -28*p. What is the greatest common factor of 160 and p?
10
Suppose -1149 + 1380 = 21*d. Suppose -j - 5*u = -106, -5*j = -0*j + u - 602. What is the highest common divisor of d and j?
11
Let n(u) = -u**2 - 6*u - 4. Let q be n(-4). Suppose 1 + 3 = q*o. Let t(a) = 2*a**2 - 26*a + 63. Let g be t(3). What is the greatest common divisor of g and o?
1
Suppose 0 = -6*g + 69 - 9. Suppose g*b - 33 = 7*b. Calculate the greatest common factor of b and 1.
1
Let u = 16 + -22. Let d(k) = -6 - 3*k - 3 + 0. Let n be d(u). Calculate the greatest common divisor of n and 27.
9
Let g be 4/(-24)*-2 - (-1294)/6. What is the highest common divisor of 48 and g?
24
Let n = -65 - -79. What is the highest common factor of 84 and n?
14
Let t = -422 + 502. Calculate the highest common factor of 720 and t.
80
Let m be 6*(4 - 9/2) - -13. Let v = m - -5. What is the highest common factor of v and 20?
5
Suppose 3*q = 5*q - 36. Suppose -112 = 7*g + 9*g. Let a be (-48)/168 + (-191)/g. Calculate the highest common factor of q and a.
9
Let l(f) = f**2 - 30*f + 28. Let h be l(30). Calculate the greatest common factor of h and 4.
4
Suppose -15*q + 3*q = -720. What is the highest common factor of 1140 and q?
60
Let z be 3/(-24)*-4*(-1 - -1). Suppose -10*t + t + 288 = z. Calculate the greatest common factor of t and 4.
4
Let k(x) = x**3 - 5*x**2 - x + 2. Let l be k(6). Let j = l - -20. Suppose -4*a + 312 = -0*a. Calculate the greatest common factor of a and j.
26
Let r(o) = -o**3 - 5*o**2 - 3*o - 2. Let n be r(-3). Let g be n - (-4)/1*1. Let q = 15 - g. What is the highest common divisor of q and 242?
22
Let g(p) = 6*p - 36. Let y be g(6). Suppose 5*j = -y*j + 40. Let l be (-122)/(-6) + 1/(-3). Calculate the highest common divisor of j and l.
4
Suppose 0 = 2*u + 9 - 19. Suppose -2*n + 32 = 4*h, -13 = -2*n - u*h + 21. Let q be (4/(-3))/((-2)/6). Calculate the highest common divisor of q and n.
4
Let n(c) = 4*c**2 + 2*c + 1. Let d be n(-1). Let o be (0 - -6)*1/d. Suppose o*r - 4*y = 6 + 38, -16 = 4*y. Calculate the greatest common factor of 98 and r.
14
Let g(d) = 9*d + 41. Let r(h) = -4*h - 21. Let a(t) = -2*g(t) - 5*r(t). Let i be a(-10). Calculate the highest common factor of 27 and i.
3
Let t = 519 - -151. Let r = t + -21. What is the highest common divisor of r and 59?
59
Suppose -7*s + 301 = -133. Let u = -15 + 46. Calculate the greatest common factor of u and s.
31
Suppose 4*m = -12, 0 = -7*z + 12*z - 5*m - 1995. What is the highest common factor of z and 297?
99
Let t = 8 - 10. Let q(g) = -6*g - 7. Let k be q(t). Let y be ((-4)/(-2))/(1/k). Calculate the greatest common factor of 20 and y.
10
Suppose 15 = 8*r - 5*r. Let f(c) = 59*c - 20. Let k be f(r). What is the greatest common factor of 25 and k?
25
Let g = -195 + 62. Let k = g + 221. Let w be 20400/k + 2/11. Calculate the greatest common factor of 29 and w.
29
Let c = -292 + 376. Calculate the highest common factor of c and 84.
84
Let m be (-128)/(-28) + -5 - 495/(-77). Calculate the greatest common divisor of 174 and m.
6
Let v(z) = -z**2 - 19*z + 28. Let l = 63 - 82. Let h be v(l). What is the highest common factor of h and 126?
14
Let l(z) = 16*z + 2. Let p be l(2). Let d be (1 - 4)*136/(-12). Calculate the highest common divisor of p and d.
34
Let w be -3 + (-2)/(-2) + 35. Let o = w + 82. Let n = -65 + o. What is the greatest common factor of 20 and n?
10
Let w be (-12)/(-10)*(-210)/(-9). Let u = -46 + 49. Suppose 0*c - u*c = -756. Calculate the greatest common factor of c and w.
28
Suppose 6*j - 240 = 3*j. Let z(a) = 2*a + 10. Let f(u) = u. Let k(b) = -4*f(b) + z(b). Let w be k(0). What is the greatest common factor of j and w?
10
Let r be (8 - -23) + 8/2. Let v be ((-71)/r - (-24)/56)*-20. What is the greatest common factor of 144 and v?
16
Su